6?
-194312
In base 10, what is 1 + -3304645?
-3304644
In base 3, what is -1200010211012 - 12?
-1200010211101
In base 9, what is 43302381 - 10?
43302371
In base 2, what is 11001100011100111 - -101101?
11001100100010100
In base 8, what is -7 + -13260437?
-13260446
In base 3, what is 10222021200102121 + 0?
10222021200102121
In base 8, what is -2 - -532542016?
532542014
In base 12, what is -3b518 - -1?
-3b517
In base 5, what is 202 - 241310?
-241103
In base 15, what is 1 + -12b8012?
-12b8011
In base 14, what is -284859 - -d?
-28484a
In base 11, what is a8a5a4 - 3?
a8a5a1
In base 11, what is 878a33 - 31?
878a02
In base 6, what is 110214 - -1252033?
1402251
In base 16, what is -59 - -75210?
751b7
In base 8, what is 1773671 - 2055?
1771614
In base 11, what is -7a17241 + -1?
-7a17242
In base 16, what is 679 - 472?
207
In base 12, what is -b95070 - -15?
-b95057
In base 5, what is 3 + -134034442121?
-134034442113
In base 14, what is 35 + -15a9a?
-15a65
In base 10, what is 4 + -24153560?
-24153556
In base 15, what is -450c3dbc - 0?
-450c3dbc
In base 10, what is 80304 - -141?
80445
In base 6, what is -215 + 3304534?
3304315
In base 4, what is 33120010033 - 1?
33120010032
In base 11, what is -668838 + 1?
-668837
In base 14, what is -4 + 636573?
63656d
In base 4, what is 13 - 111320333233?
-111320333220
In base 15, what is -25 - -245ab?
24586
In base 11, what is -42 + 24171?
2412a
In base 3, what is 2012001021121 - -100?
2012001021221
In base 7, what is -61643 + 3565?
-55045
In base 6, what is -255 - 1545145?
-1545444
In base 2, what is -10110000000110010 - 1001101?
-10110000001111111
In base 10, what is -65481 + 10?
-65471
In base 16, what is 5a1 + 6db?
c7c
In base 9, what is 22171 + 788?
23070
In base 8, what is -2120 + -14231?
-16351
In base 3, what is 21102 + -100122101?
-100100222
In base 9, what is 2345 + 24500?
26845
In base 2, what is -10000011 + 10010001000010111?
10010000110010100
In base 8, what is 1 + 140231?
140232
In base 14, what is -2a + -197555?
-197581
In base 15, what is -392 + 9aa?
618
In base 11, what is a - -828872?
828881
In base 16, what is 13 - -65ba7a?
65ba8d
In base 6, what is -3 + -25334114?
-25334121
In base 7, what is -114 - 1656022?
-1656136
In base 8, what is -14 + -764?
-1000
In base 15, what is -256 - 1abe8?
-1ae4e
In base 14, what is -79 + -ad018c?
-ad0227
In base 9, what is 1054 + -8011?
-6846
In base 2, what is 1101010010010 - 11010000100?
1010000001110
In base 13, what is -11616a + 114?
-116056
In base 3, what is 11111 - -1202021122?
1202110010
In base 14, what is -92 - -18b11?
18a5d
In base 14, what is -33 + 7a983?
7a950
In base 3, what is -1211021102121 + -201012?
-1211022010210
In base 8, what is -46477124 + 2?
-46477122
In base 6, what is 20140011431 - 5?
20140011422
In base 3, what is -1110201002 + 10200101?
-1100000201
In base 10, what is 330190 - 3?
330187
In base 3, what is -120020012221010 - -102?
-120020012220201
In base 11, what is -1787 - -5a73?
4297
In base 12, what is -11 + 1740728?
1740717
In base 10, what is -1093 - 10250?
-11343
In base 10, what is 12 - -18490760?
18490772
In base 8, what is 1702135354 + 2?
1702135356
In base 5, what is 3330400400 - -120?
3330401020
In base 7, what is -10 - 6646604?
-6646614
In base 5, what is -12 + -202344002?
-202344014
In base 11, what is 3 + -12769a?
-127697
In base 8, what is 463231266 - 6?
463231260
In base 13, what is 1b1797 + 1c?
1b17b6
In base 7, what is 150242153 + -1?
150242152
In base 12, what is 72913 + -576?
72359
In base 15, what is 6 - -bc363c?
bc3643
In base 2, what is 1001011000011 + 11010100010001?
100011111010100
In base 9, what is 37355 + 3016?
41372
In base 16, what is -1ec0f + -975?
-1f584
In base 2, what is 101001 - -111101010111010110?
111101010111111111
In base 4, what is -3 - -2023013103?
2023013100
In base 5, what is -4 - 3433144223?
-3433144232
In base 7, what is 556030 + -10463?
545234
In base 11, what is -5351a1 - 30?
-535221
In base 7, what is 142463 - 65545?
43615
In base 7, what is -134150153 - -4?
-134150146
In base 7, what is 0 + -3040331336?
-3040331336
In base 12, what is 7ba4 - 7b?
7b25
In base 6, what is 12 + -150542330?
-150542314
In base 14, what is -149d26 - 5?
-149d2b
In base 16, what is -5 - -28c41ea?
28c41e5
In base 10, what is -5 + -20944470?
-20944475
In base 16, what is 39dd7 + 308?
3a0df
In base 16, what is 7dcf52da + -1?
7dcf52d9
In base 15, what is -53 - 2516ec?
-251750
In base 3, what is 201022212102020202 + 0?
201022212102020202
In base 13, what is 2 + 6a1414a?
6a1414c
In base 13, what is 5 - a9c251?
-a9c249
In base 6, what is -352 - 10112041?
-10112433
In base 9, what is -5 - 41704676?
-41704682
In base 16, what is -c949 + 17?
-c932
In base 9, what is 132086331 + 0?
132086331
In base 12, what is 2 - 19195ba?
-19195b8
In base 7, what is 16 - 3062020?
-3062001
In base 9, what is -347025 + 84?
-346831
In base 14, what is 21 - 553087?
-553066
In base 9, what is 324255 - 15?
324240
In base 13, what is 3c6 + -49aa?
-45b4
In base 10, what is 2 - -2122409?
2122411
In base 8, what is 322 + 1420?
1742
In base 6, what is 402 + -14300101?
-14255255
In base 2, what is 101 - 11110101001110110001?
-11110101001110101100
In base 11, what is 634 - -187816?
18834a
In base 4, what is 10 - -13010212210?
13010212220
In base 6, what is -11412501 - 21022?
-11433523
In base 14, what is 5ba7 - 206?
59a1
In base 14, what is -3 - 195a546?
-195a549
In base 10, what is 17 - 2057204?
-2057187
In base 8, what is -4653360 - -13?
-4653345
In base 4, what is -30221231120 + 21?
-30221231033
In base 9, what is 246 + 3002035?
3002282
In base 13, what is -33ab + -699?
-3a77
In base 3, what is -2122202110221220120 - 12?
-2122202110221220202
In base 2, what is -11100 + -10100101110100100110?
-10100101110101000010
In base 4, what is -1232 - 230320001?
-230321233
In base 8, what is 157 + 4760244?
4760423
In base 7, what is -5 - 136505166?
-136505204
In base 6, what is 31 + -1014333?
-1014302
In base 13, what is -819571 - -2?
-81956c
In base 8, what is -3203 - 4073?
-7276
In base 4, what is -1303 + -2201322000?
-2201323303
In base 11, what is 21 + -812063?
-812042
In base 15, what is -2aea7 + 243?
-2ac64
In base 14, what is -a9bc11 - -36?
-a9bbb9
In base 8, what is -10453524 - 17?
-10453543
In base 10, what is -3059584 + 2?
-3059582
In base 11, what is -2 + -1712635?
-1712637
In base 14, what is -1327a1 - 24?
-1327c5
In base 16, what is -129 + 52b3?
518a
In base 5, what is 1104320 - -430341?
2040211
In base 3, what is -202 + 12212011000011?
12212010222102
In base 9, what is 1 + -47571681?
-47571680
In base 8, what is 5 + -55155?
-55150
In base 10, what is 1648889 - -23?
1648912
In base 10, what is 5 + -479573?
-479568
In base 6, what is 130 + -453114?
-452544
In base 7, what is -532244342 + 0?
-532244342
In base 6, what is 4555233545 - -2?
4555233551
In base 2, what is 1001010011111001 - 1111?
1001010011101010
In base 4, what is 20 - -10213102213?
10213102233
In base 6, what is 3040504 - 15503?
3021001
In base 3, what is 2 - 202012110000120220?
-202012110000120211
In base 10, what is 288061 - -179?
288240
In base 8, what is -20135 - -1552?
-16363
In base 9, what is 65 - -2782486?
2782562
In base 11, what is 3774a1 - -54?
377545
In base 7, what is 15060354 + -55?
15060266
In base 11, what is 50 + -70693?
-70643
In base 8, what is 6 + 11226223?
11226231
In base 13, what is -2b4 - -313368?
313084
In base 6, what is 102301 - -522?
103223
In base 12, what is 33a + -10058?
-b91a
In base 7, what is -6614260 + -20?
-6614310
In base 9, what is 8 - -2728158?
2728167
In base 2, what is -100 - 1001100000010110000100?
-1001100000010110001000
In base 4, what is -1022323332200 - 10?
-1022323332210
In base 12, what is 4 - -644554b?
6445553
In base 11, what is -4831 + -1492?
-6213
In base 9, what is -3 + -12882175?
-12882178
In base 7, what is 15 - -211623422?
211623440
In base 6, what is -33 - 224441355?
-224441432
In base 13, what is 1018c90 + -c?
1018c81
In base 16, what is fc09 - 95?
fb74
In base 2, what is 1 - 110001111111000001011?
-110001111111000001010
In base 13, what is 502 - -311?
813
In base 4, what is 1031122011 + 232?
1031122303
In base 6, what is 12 - -1403014213?
1403014225
In base 10, what is -4424 - -384?
-4040
In base 10, what is -5 - 11363170?
-113631